{"id":54,"date":"2019-02-18T14:31:21","date_gmt":"2019-02-18T13:31:21","guid":{"rendered":"http:\/\/www.icmbeyond.net\/?page_id=54"},"modified":"2021-07-08T18:31:02","modified_gmt":"2021-07-08T16:31:02","slug":"impressum","status":"publish","type":"page","link":"https:\/\/www.icmbeyond.net\/?page_id=54","title":{"rendered":"Impressum"},"content":{"rendered":"\r\n<p>F\u00fcr den Inhalt verantwortlich: Die Mitglieder des Organisationskomitees.<\/p>\r\n\r\n\r\n\r\n<p>Redaktionelle Hauptverantwortung im Sinne des Mediengesetzes: Mag. Christian F. Freisleben-Teutscher, FH St. P\u00f6lten, <a href=\"mailto:cfreisleben@fhstp.ac.at\">cfreisleben@fhstp.ac.at<\/a>, Tel.: +432742\/313 228 \u2013 282; Adresse: Matthias Corvinus Stra\u00dfe 15, A 3100 St. P\u00f6lten<\/p>\r\n\r\n\r\n\r\n<p>Grundlegende Richtung: Information und Berichterstattung zur j\u00e4hrlichen Konferenz \u201eInverted Classroom and Beyond\u201c sowie zum Inverted Classroom Modell und damit verbundenen Themenstellungen.<\/p>\r\n\r\n\r\n\r\n<p>Alle Texte und Bilder auf dieser WebSite stehen wenn nicht anders angegeben unter der Lizenz cc_by (<a href=\"https:\/\/creativecommons.org\/licenses\/by\/4.0\/deed.de\">mehr<\/a>).<\/p>\r\n<p>Logo: cc_by_nc_nd Ulrike Niesse (HS Osnabr\u00fcck)<\/p>\r\n<p>Hinweis zu allen Links: Trotz sorgf\u00e4ltiger inhaltlicher Kontrolle \u00fcbernehmen wir keine Haftung f\u00fcr die Inhalte externer Links. F\u00fcr den Inhalt der verlinkten Seiten sind ausschlie\u00dflich deren Betreiber*innen verantwortlich.<\/p>\r\n","protected":false},"excerpt":{"rendered":"<p>F\u00fcr den Inhalt verantwortlich: Die Mitglieder des Organisationskomitees. Redaktionelle Hauptverantwortung im Sinne des Mediengesetzes: Mag. Christian F. Freisleben-Teutscher, FH St. P\u00f6lten, cfreisleben@fhstp.ac.at, Tel.: +432742\/313 228 \u2013 282; Adresse: Matthias Corvinus &#8230;<\/p>\n","protected":false},"author":11,"featured_media":0,"parent":1150,"menu_order":21,"comment_status":"closed","ping_status":"closed","template":"","meta":{"footnotes":""},"class_list":["post-54","page","type-page","status-publish","hentry"],"_links":{"self":[{"href":"https:\/\/www.icmbeyond.net\/index.php?rest_route=\/wp\/v2\/pages\/54","targetHints":{"allow":["GET"]}}],"collection":[{"href":"https:\/\/www.icmbeyond.net\/index.php?rest_route=\/wp\/v2\/pages"}],"about":[{"href":"https:\/\/www.icmbeyond.net\/index.php?rest_route=\/wp\/v2\/types\/page"}],"author":[{"embeddable":true,"href":"https:\/\/www.icmbeyond.net\/index.php?rest_route=\/wp\/v2\/users\/11"}],"replies":[{"embeddable":true,"href":"https:\/\/www.icmbeyond.net\/index.php?rest_route=%2Fwp%2Fv2%2Fcomments&post=54"}],"version-history":[{"count":5,"href":"https:\/\/www.icmbeyond.net\/index.php?rest_route=\/wp\/v2\/pages\/54\/revisions"}],"predecessor-version":[{"id":1115,"href":"https:\/\/www.icmbeyond.net\/index.php?rest_route=\/wp\/v2\/pages\/54\/revisions\/1115"}],"up":[{"embeddable":true,"href":"https:\/\/www.icmbeyond.net\/index.php?rest_route=\/wp\/v2\/pages\/1150"}],"wp:attachment":[{"href":"https:\/\/www.icmbeyond.net\/index.php?rest_route=%2Fwp%2Fv2%2Fmedia&parent=54"}],"curies":[{"name":"wp","href":"https:\/\/api.w.org\/{rel}","templated":true}]}}