{"id":44,"date":"2019-02-18T14:23:42","date_gmt":"2019-02-18T13:23:42","guid":{"rendered":"http:\/\/www.icmbeyond.net\/?page_id=44"},"modified":"2021-08-01T17:18:57","modified_gmt":"2021-08-01T15:18:57","slug":"die-geschichte-von-icmbeyond","status":"publish","type":"page","link":"https:\/\/www.icmbeyond.net\/?page_id=44","title":{"rendered":"Die Geschichte von icmbeyond"},"content":{"rendered":"\n<figure class=\"wp-block-image size-large is-resized\"><img loading=\"lazy\" decoding=\"async\" src=\"https:\/\/www.icmbeyond.net\/wp-content\/uploads\/2021\/08\/Header_Geschichte_Rueckblick-1024x276.png\" alt=\"\" class=\"wp-image-1574\" width=\"1024\" height=\"276\" srcset=\"https:\/\/www.icmbeyond.net\/wp-content\/uploads\/2021\/08\/Header_Geschichte_Rueckblick-1024x276.png 1024w, https:\/\/www.icmbeyond.net\/wp-content\/uploads\/2021\/08\/Header_Geschichte_Rueckblick-300x81.png 300w, https:\/\/www.icmbeyond.net\/wp-content\/uploads\/2021\/08\/Header_Geschichte_Rueckblick-768x207.png 768w, https:\/\/www.icmbeyond.net\/wp-content\/uploads\/2021\/08\/Header_Geschichte_Rueckblick-1536x414.png 1536w, https:\/\/www.icmbeyond.net\/wp-content\/uploads\/2021\/08\/Header_Geschichte_Rueckblick-2048x551.png 2048w\" sizes=\"auto, (max-width: 1024px) 100vw, 1024px\" \/><\/figure>\n\n\n\n<div style=\"height:15px\" aria-hidden=\"true\" class=\"wp-block-spacer\"><\/div>\n\n\n\n<p>Am 14. und 15. 2. 2012 fand an der Philipps Universit\u00e4t Marburg erstmals die Konferenz Inverted Classroom and Beyond statt. Initiator war <a href=\"https:\/\/de.wikipedia.org\/wiki\/J%C3%BCrgen_Handke\">Prof. Dr. J\u00fcrgen Handke<\/a>, der auch sonst vielf\u00e4ltige Beitr\u00e4ge dazu lieferte, das Konzept des ICM im deutschsprachigen Raum bekannt zu machen und es gemeinsam mit anderen stetig weiter zu entwickeln. 2015 wurde er vom Stifterverband f\u00fcr seine wertvollen Beitr\u00e4ge im Bereich des Digitalen Lehrens und Lernens mit dem <a href=\"https:\/\/www.stifterverband.org\/ars-legendi-preis\/2015\">Ars Legendi Preis<\/a> ausgezeichnet.<\/p>\n\n\n\n<p>2015 wurde eine Kooperation mit der <a href=\"http:\/\/www.fhstp.ac.at\">FH St. P\u00f6lten<\/a> beschlossen und 2016 fand die Konferenz dann erstmals an der FH St. P\u00f6lten statt, wobei schon damals die befruchtende Zusammenarbeit mit der <a href=\"https:\/\/www.ph-noe.ac.at\/\">PH Nieder\u00f6sterreich<\/a> als Mitveranstalter begann. 2017 war wieder Marburg Veranstaltungsort, 2018 die FH St. P\u00f6lten und 2019 wiederum Marburg. Ab 2020 wird die Konferenz als DACH-Veranstaltung weitergef\u00fchrt und damit auf noch breitere F\u00fc\u00dfe gestellt.<\/p>\n\n\n\n<p><p>Ein wichtiger Baustein zur Konferenz und zur kontinuierlichen Dokumentation und Weiterentwicklung des ICM ist der Tagungsband zur Konferenz, der ebenso seit 2012 j\u00e4hrlich erscheint.<\/p>\n<p>&nbsp;<\/p>\n<p>&nbsp;<\/p><\/p>\n","protected":false},"excerpt":{"rendered":"<p>Am 14. und 15. 2. 2012 fand an der Philipps Universit\u00e4t Marburg erstmals die Konferenz Inverted Classroom and Beyond statt. Initiator war Prof. Dr. J\u00fcrgen Handke, der auch sonst vielf\u00e4ltige &#8230;<\/p>\n","protected":false},"author":11,"featured_media":0,"parent":1149,"menu_order":9,"comment_status":"closed","ping_status":"closed","template":"","meta":{"footnotes":""},"class_list":["post-44","page","type-page","status-publish","hentry"],"_links":{"self":[{"href":"https:\/\/www.icmbeyond.net\/index.php?rest_route=\/wp\/v2\/pages\/44","targetHints":{"allow":["GET"]}}],"collection":[{"href":"https:\/\/www.icmbeyond.net\/index.php?rest_route=\/wp\/v2\/pages"}],"about":[{"href":"https:\/\/www.icmbeyond.net\/index.php?rest_route=\/wp\/v2\/types\/page"}],"author":[{"embeddable":true,"href":"https:\/\/www.icmbeyond.net\/index.php?rest_route=\/wp\/v2\/users\/11"}],"replies":[{"embeddable":true,"href":"https:\/\/www.icmbeyond.net\/index.php?rest_route=%2Fwp%2Fv2%2Fcomments&post=44"}],"version-history":[{"count":4,"href":"https:\/\/www.icmbeyond.net\/index.php?rest_route=\/wp\/v2\/pages\/44\/revisions"}],"predecessor-version":[{"id":1577,"href":"https:\/\/www.icmbeyond.net\/index.php?rest_route=\/wp\/v2\/pages\/44\/revisions\/1577"}],"up":[{"embeddable":true,"href":"https:\/\/www.icmbeyond.net\/index.php?rest_route=\/wp\/v2\/pages\/1149"}],"wp:attachment":[{"href":"https:\/\/www.icmbeyond.net\/index.php?rest_route=%2Fwp%2Fv2%2Fmedia&parent=44"}],"curies":[{"name":"wp","href":"https:\/\/api.w.org\/{rel}","templated":true}]}}

<figure class="wp-block-image size-large is-resized"><img loading="lazy" decoding="async" src="https://www.icmbeyond.net/wp-content/uploads/2021/08/Header_Geschichte_Rueckblick-1024x276.png" alt="" class="wp-image-1574" width="1024" height="276" srcset="https://www.icmbeyond.net/wp-content/uploads/2021/08/Header_Geschichte_Rueckblick-1024x276.png 1024w, https://www.icmbeyond.net/wp-content/uploads/2021/08/Header_Geschichte_Rueckblick-300x81.png 300w, https://www.icmbeyond.net/wp-content/uploads/2021/08/Header_Geschichte_Rueckblick-768x207.png 768w, https://www.icmbeyond.net/wp-content/uploads/2021/08/Header_Geschichte_Rueckblick-1536x414.png 1536w, https://www.icmbeyond.net/wp-content/uploads/2021/08/Header_Geschichte_Rueckblick-2048x551.png 2048w" sizes="auto, (max-width: 1024px) 100vw, 1024px" /></figure>



<div style="height:15px" aria-hidden="true" class="wp-block-spacer"></div>



<p>Am 14. und 15. 2. 2012 fand an der Philipps Universität Marburg erstmals die Konferenz Inverted Classroom and Beyond statt. Initiator war <a href="https://de.wikipedia.org/wiki/J%C3%BCrgen_Handke">Prof. Dr. Jürgen Handke</a>, der auch sonst vielfältige Beiträge dazu lieferte, das Konzept des ICM im deutschsprachigen Raum bekannt zu machen und es gemeinsam mit anderen stetig weiter zu entwickeln. 2015 wurde er vom Stifterverband für seine wertvollen Beiträge im Bereich des Digitalen Lehrens und Lernens mit dem <a href="https://www.stifterverband.org/ars-legendi-preis/2015">Ars Legendi Preis</a> ausgezeichnet.</p>



<p>2015 wurde eine Kooperation mit der <a href="http://www.fhstp.ac.at">FH St. Pölten</a> beschlossen und 2016 fand die Konferenz dann erstmals an der FH St. Pölten statt, wobei schon damals die befruchtende Zusammenarbeit mit der <a href="https://www.ph-noe.ac.at/">PH Niederösterreich</a> als Mitveranstalter begann. 2017 war wieder Marburg Veranstaltungsort, 2018 die FH St. Pölten und 2019 wiederum Marburg. Ab 2020 wird die Konferenz als DACH-Veranstaltung weitergeführt und damit auf noch breitere Füße gestellt.</p>



<p><p>Ein wichtiger Baustein zur Konferenz und zur kontinuierlichen Dokumentation und Weiterentwicklung des ICM ist der Tagungsband zur Konferenz, der ebenso seit 2012 jährlich erscheint.</p>
<p>&nbsp;</p>
<p>&nbsp;</p></p>

<p>Am 14. und 15. 2. 2012 fand an der Philipps Universität Marburg erstmals die Konferenz Inverted Classroom and Beyond statt. Initiator war Prof. Dr. Jürgen Handke, der auch sonst vielfältige &#8230;</p>
