{"id":2389,"date":"2025-02-08T07:58:29","date_gmt":"2025-02-08T06:58:29","guid":{"rendered":"https:\/\/www.icmbeyond.net\/?page_id=2389"},"modified":"2025-10-30T10:07:44","modified_gmt":"2025-10-30T09:07:44","slug":"icm-2025","status":"publish","type":"page","link":"https:\/\/www.icmbeyond.net\/?page_id=2389","title":{"rendered":"ICM 2025"},"content":{"rendered":"<h3>Inverted Classroom and beyond<\/h3>\r\n<!-- \/wp:post-content -->\r\n\r\n<!-- wp:heading {\"level\":3} -->\r\n<h3>04. &amp; 05. Dezember 2025, Hochschule Osnabr\u00fcck, Anmeldung und Informationen: <a href=\"https:\/\/www.hs-osnabrueck.de\/learningcenter\/fuer-lehrende\/lehr-lernkonferenzen\/#c16337250\">https:\/\/www.hs-osnabrueck.de\/learningcenter\/fuer-lehrende\/lehr-lernkonferenzen\/#c16337250<\/a><\/h3>\r\n<!-- \/wp:heading -->\r\n\r\n<!-- wp:image {\"id\":2287,\"sizeSlug\":\"large\",\"linkDestination\":\"none\"} -->\r\n<figure class=\"wp-block-image size-large\"><\/figure>\r\n<!-- \/wp:image -->\r\n\r\n<!-- wp:heading {\"level\":3} -->\r\n<h3>Unter dem Motto: Pers\u00f6nlichkeit trifft Didaktik: Lernr\u00e4ume f\u00fcr eine Welt im Wandel<\/h3>\r\n<!-- \/wp:heading -->\r\n\r\n<!-- wp:paragraph -->\r\n<p><img loading=\"lazy\" decoding=\"async\" class=\" wp-image-2404\" src=\"https:\/\/www.icmbeyond.net\/wp-content\/uploads\/2025\/03\/76_HS_Osnabrueck_Campus-Kopie-300x110.jpg\" alt=\"\" width=\"777\" height=\"285\" srcset=\"https:\/\/www.icmbeyond.net\/wp-content\/uploads\/2025\/03\/76_HS_Osnabrueck_Campus-Kopie-300x110.jpg 300w, https:\/\/www.icmbeyond.net\/wp-content\/uploads\/2025\/03\/76_HS_Osnabrueck_Campus-Kopie-1024x375.jpg 1024w, https:\/\/www.icmbeyond.net\/wp-content\/uploads\/2025\/03\/76_HS_Osnabrueck_Campus-Kopie-768x282.jpg 768w, https:\/\/www.icmbeyond.net\/wp-content\/uploads\/2025\/03\/76_HS_Osnabrueck_Campus-Kopie-1536x563.jpg 1536w, https:\/\/www.icmbeyond.net\/wp-content\/uploads\/2025\/03\/76_HS_Osnabrueck_Campus-Kopie-2048x751.jpg 2048w\" sizes=\"auto, (max-width: 777px) 100vw, 777px\" \/><\/p>\r\n<!-- \/wp:paragraph -->\r\n\r\n<!-- wp:paragraph -->\r\n<p>Die vierzehnte Tagung \u201eInverted Classroom and beyond\u201c widmet sich dem Fokusthema <em>Pers\u00f6nlichkeit trifft Didaktik: Lernr\u00e4ume f\u00fcr eine Welt im Wandel<\/em><em>. <\/em>Eine intensive Auseinandersetzung mit diesen Inhalten wird durch vielf\u00e4ltige Formate initiiert und begleitet.<\/p>\r\n<p style=\"font-weight: 400;\">Welche F\u00e4higkeiten brauchen Studierende, um in einer Welt voller Ver\u00e4nderungen und Unsicherheiten erfolgreich zu sein? Wie k\u00f6nnen wir sie darauf vorbereiten, mit Kreativit\u00e4t, Anpassungsf\u00e4higkeit und Selbstverantwortung in einer global vernetzten Zukunft zu agieren? Und vor allem: Wie k\u00f6nnen wir Lehrformate an der Hochschule so gestalten, dass sie nicht nur Wissen vermitteln, sondern Menschen bef\u00e4higen, eigenst\u00e4ndig zu handeln und sich pers\u00f6nlich weiterzuentwickeln?<\/p>\r\n<p style=\"font-weight: 400;\">Bei \u201eInverted Classroom and Beyond\u201c (ICMBeyond) handelt es sich um ein etabliertes Tagungsformat, das als Impulsgeber f\u00fcr die Weiterentwicklung des <strong>I<\/strong>nverted-<strong>C<\/strong>lassroom-<strong>M<\/strong>odells (ICM) sowie von innovativer Hochschuldidaktik im deutschen Sprachraum erfolgreich ist. <strong>Im Jahr 2025 kommt ICMBeyond nach Osnabr\u00fcck! <\/strong>Dies verbinden wir mit der Lehr-Lernkonferenz an der Hochschule Osnabr\u00fcck 2025. \u201eLehr-Lernkonferenz meets ICMBeyond\u201c findet in Pr\u00e4senz statt.\u00a0Seien Sie dabei, wenn wir neue Lehrmethoden und digitale M\u00f6glichkeiten diskutieren, um Lernprozesse zu transformieren und die Hochschullehre von morgen zu gestalten.<\/p>\r\n<p>\u201eLehr-Lernkonferenz meets ICM &amp; beyond 2025\u201c am 04.\/05.12.2025<br \/><strong>\u201ePers\u00f6nlichkeit trifft Didaktik: Lernr\u00e4ume f\u00fcr eine Welt im Wandel\u201c<\/strong><\/p>\r\n<p>Ort: SL-Geb\u00e4ude auf dem Campus Westerberg<\/p>\r\n<h2>Programm ICM 2025<\/h2>\r\n<p>Datum: 04.12.2025<\/p>\r\n<figure>\r\n<table class=\"table table-condensed\">\r\n<tbody>\r\n<tr>\r\n<td>ab 11:30 Uhr<\/td>\r\n<td><strong>Anmeldung, M\u00f6glichkeit des Mensabesuchs (ab 11:45)<\/strong><\/td>\r\n<\/tr>\r\n<tr>\r\n<td>12:45 Uhr<\/td>\r\n<td><strong>Begr\u00fc\u00dfung<\/strong><br \/>Frank Mayer\/HenningCzech (Hochschule Osnabr\u00fcck, LearningCenter)<br \/>Prof.in Dr.in Kathrin Loer (Hochschule Osnabr\u00fcck, Vizepr\u00e4sidentin f\u00fcr Studium und Lehre)<\/td>\r\n<\/tr>\r\n<tr>\r\n<td>13:00 Uhr<\/td>\r\n<td><strong>Keynote mit Diskussion<\/strong><br \/>&#8222;Mit dem K.I.ckflip durchs Studium: Wie der Promptantrieb den Inverted Classroom herumwirbelt&#8220;<br \/>Prof. Dr. J\u00f6rn Loviscach (Hochschule Bielefeld, Netzwerk Inverted Classroom &amp; beyond)<\/td>\r\n<\/tr>\r\n<tr>\r\n<td>13:45 Uhr<\/td>\r\n<td><strong>Pause<\/strong><\/td>\r\n<\/tr>\r\n<tr>\r\n<td>14:00 Uhr<\/td>\r\n<td><strong>Podiumsdiskussion<\/strong><br \/>Teilnehmende:\u00a0<br \/>Prof.in Dr.in Susanne Menzel-Riedel (Pr\u00e4sidentin der Universit\u00e4t Osnabr\u00fcck)<br \/>Prof. Dr. J\u00f6rn Loviscach (Hochschule Bielefeld, Netzwerk Inverted Classroom &amp; beyond)<br \/>Prof.in Dr.in Kathrin Loer (Hochschule Osnabr\u00fcck, Vizepr\u00e4sidentin f\u00fcr Studium und Lehre)<br \/>Chiara Beran (Masterstudentin, Fakult\u00e4t WiSo)<br \/>Dominik Hagemann (Masterstudent, Fakult\u00e4t AuL)<br \/><br \/>Moderation:\u00a0<br \/>Prof. Dr. Karsten Morisse (Hochschule Osnabr\u00fcck, Dekan der Fakult\u00e4t IuI, Netzwerk Inverted Classroom &amp; beyond)\u00a0<br \/>Sabine Ehnert (Hochschule Osnabr\u00fcck, eLearning Competence Center, Netzwerk Inverted Classroom &amp; beyond)<\/td>\r\n<\/tr>\r\n<tr>\r\n<td>15:00 Uhr<\/td>\r\n<td>\r\n<div><strong>Postersession mit selbstbestimmter Pause<\/strong><\/div>\r\n<div>M\u00f6glichkeit f\u00fcr Gespr\u00e4che mit den Posterverantwortlichen.<\/div>\r\n<div>Die Poster werden zudem \u00fcber beide Konferenztage dauerhaft ausgestellt.<br \/><br \/>\u201eDen eigenen Rucksack kennen \u2013 intrapersonale F\u00e4higkeiten von Lehrkr\u00e4ften als Schl\u00fcssel f\u00fcr aktivierende Hochschullehre\u201c \u00a0<br \/>Prof. Dr. Marc Beutner, Saskia Happ und Jan-Phillip L\u00fcttke (Universit\u00e4t Paderborn)<br \/><a class=\"download\" href=\"https:\/\/www.hs-osnabrueck.de\/fileadmin\/HSOS\/Homepages\/LearningCenter\/LLK_2025\/Abstracts\/Beutner_Happ_Luettke-Abstract.pdf\">Abstract<\/a><br \/><br \/>\u201eFiktionalisierung als Mittel hochschuldidaktischer Reflexion\u201c<br \/>Dr. Stefan J\u00f6rissen, N.N. (Hochschule Luzern)<br \/><a class=\"download\" href=\"https:\/\/www.hs-osnabrueck.de\/fileadmin\/HSOS\/Homepages\/LearningCenter\/LLK_2025\/Abstracts\/Joerissen_Abstract.pdf\">Abstract<\/a><br \/><br \/>\u201eF\u00f6rderung fachlicher und pers\u00f6nlicher Weiterentwicklung hoch 3: Verwebung von aktivierenden Lehrmethoden mit Learning Analytics und Peer-Coaching\u201c\u00a0 \u00a0<br \/>Prof.in Dr.in Birgit Naumer, Prof. Dr. Elmar Junker, Silke Deschle-Prill, Nicole Kraus, Christine Lux (Technische Hochschule Rosenheim)<br \/><a class=\"download\" href=\"https:\/\/www.hs-osnabrueck.de\/fileadmin\/HSOS\/Homepages\/LearningCenter\/LLK_2025\/Abstracts\/Naumer_et_al_Abstract.pdf\">Abstract<\/a><br \/><br \/>\u201eInklusive Lernumgebungen: Was bei dem Einsatz von digitalen Medien zu beachten ist\u201c<br \/>Sanja Grimminger, Saba Mateen, Louis Dunkel, Dr.in Sarah Vo\u00df-Nakkour (Goethe-Universit\u00e4t Frankfurt am Main)<br \/><a class=\"download\" href=\"https:\/\/www.hs-osnabrueck.de\/fileadmin\/HSOS\/Homepages\/LearningCenter\/LLK_2025\/Abstracts\/Grimminger_et_al_Abstract.pdf\">Abstract<\/a><br \/><br \/>\u201eKI-Kompetenz \u2013 Orientierung und Praxis f\u00fcr Studierende. Ein Moodle-Selbstlernkurs&#8220;<br \/>Iris Neiske, Anja Westermann (Universit\u00e4t Paderborn)<br \/><a class=\"download\" href=\"https:\/\/www.hs-osnabrueck.de\/fileadmin\/HSOS\/Homepages\/LearningCenter\/LLK_2025\/Abstracts\/Neiske_Abstract.pdf\">Abstract<\/a><br \/>\u00a0<br \/>\u201eLehrende als Wegbegleiter*innen: Studierende beim L\u00f6sen aktueller gesellschaftlicher Herausforderungen f\u00f6rdern\u201c<br \/>Mirjam Reale, Julia M\u00e4nnel (Leibniz Universit\u00e4t Hannover)<br \/><a class=\"download\" href=\"https:\/\/www.hs-osnabrueck.de\/fileadmin\/HSOS\/Homepages\/LearningCenter\/LLK_2025\/Abstracts\/Reale_Maennel_Abstract.pdf\">Abstract<\/a><br \/><br \/>\u201eLongitudinale Professionalit\u00e4tsentwicklung im Medizinstudium\u201c<br \/>Dr.in Ulrike Sonntag, Dr.in Wibke Bartels,\u00a0Ramona Lange, Dr.in\u00a0Sabine Gehrke-Beck (Charit\u00e9-Universit\u00e4tsmedizin Berlin)<br \/><a class=\"download\" href=\"https:\/\/www.hs-osnabrueck.de\/fileadmin\/HSOS\/Homepages\/LearningCenter\/LLK_2025\/Abstracts\/Sonntag_Bartels_Gehrke-Beck_Abstract.pdf\">Abstract<\/a><br \/><br \/>\u201ePaCMuN \u2013 ein Point-&amp;-Click-Adventure als virtueller Lernraum f\u00fcr Management und Nachhaltigkeit\u201c<br \/>Prof. Dr.-Ing. Rainer Pusch, Prof. Dr.-Ing. Philipp Lensing, Prof. Dipl.-Des. Thomas Hofmann (Hochschule Osnabr\u00fcck)<br \/><a class=\"download\" href=\"https:\/\/www.hs-osnabrueck.de\/fileadmin\/HSOS\/Homepages\/LearningCenter\/LLK_2025\/Abstracts\/Pusch_Lensing_Hofmann_Abstract.pdf\">Abstract<\/a><br \/><br \/>\u201eVirtuelle Exkursionen im Bergbau: individualisierte Lernr\u00e4ume durch das IMMERSE-Projekt\u201c<br \/>Shima Hajinia Leilabadi, Univ.-Prof. Dr. Bernd Lottermoser (RWTH Aachen), Dr. Michael Roach (University of Tasmania, Australien), Ass. Prof. Dr. Emmanouil A. Varouchakis, Evangelos Machairas (Technical University of Crete, Griechenland), Prof. Dr. Felipe Gonz\u00e1lez Barrionuevo, Assoc. Prof. Dr. Manuel Toscano Macias, Prof. Dr. Jos\u00e9 Miguel Nieto (University of Huelva, Spanien)<br \/><a class=\"download\" href=\"https:\/\/www.hs-osnabrueck.de\/fileadmin\/HSOS\/Homepages\/LearningCenter\/LLK_2025\/Abstracts\/Leilabadi_et_al_Abstract.pdf\">Abstract<\/a><br \/><br \/>\u201eVom Muss zum echten Mehrwert: mehrdimensionale Individualisierung von Lehr-\/Lernprozessen am Beispiel des Chatbot-Einsatzes in Sprachkursen\u201c\u00a0 \u00a0<br \/>Dr.in Annette Fahrner (Karlsruher Institut f\u00fcr Technologie)<br \/><a class=\"download\" href=\"https:\/\/www.hs-osnabrueck.de\/fileadmin\/HSOS\/Homepages\/LearningCenter\/LLK_2025\/Abstracts\/Fahrner_Abstract.pdf\">Abstract<\/a><\/div>\r\n<\/td>\r\n<\/tr>\r\n<tr>\r\n<td>16:00 Uhr<\/td>\r\n<td>\r\n<p><strong>Workshopsession A<\/strong><\/p>\r\n<div>\r\n<ul>\r\n<li>A 1 \u201eSelbstbildung und Beziehungsgestaltung in der Hochschullehre\u201c<br \/>Carolin Bornschein (TU Dresden)<br \/><a class=\"download\" href=\"https:\/\/www.hs-osnabrueck.de\/fileadmin\/HSOS\/Homepages\/LearningCenter\/LLK_2025\/Abstracts\/A.1_Bornschein_Abstract.pdf\">Abstract<\/a><\/li>\r\n<\/ul>\r\n<\/div>\r\n<div>\r\n<ul>\r\n<li>A.2 \u201eDigitale Barrieren mit einem spezialisierten ChatBot abbauen\u201c<br \/>Louis Dunkel, Dr.in Sarah Vo\u00df-Nakkour, Sabrina Zeaiter (Goethe-Universit\u00e4t Frankfurt)\u00a0<br \/><a class=\"download\" href=\"https:\/\/www.hs-osnabrueck.de\/fileadmin\/HSOS\/Homepages\/LearningCenter\/LLK_2025\/Abstracts\/A.2_Dunkel_Voss-Nakkour_Zeaiter_Abstract.pdf\">Abstract<\/a><\/li>\r\n<\/ul>\r\n<\/div>\r\n<div>\r\n<ul>\r\n<li>A.3 \u201eBeziehungen haben Vorrang!\u201c<br \/>Prof. Dr. Michael Martin (Hochschule Osnabr\u00fcck)\u00a0<br \/><a class=\"download\" href=\"https:\/\/www.hs-osnabrueck.de\/fileadmin\/HSOS\/Homepages\/LearningCenter\/LLK_2025\/Abstracts\/A.3_Martin_Abstract.pdf\">Abstract<\/a><\/li>\r\n<\/ul>\r\n<\/div>\r\n<div>\r\n<ul>\r\n<li>A.4 \u201eCOIL \u2013 mit Mini-Cases die globale Kooperation von Studierendengruppen motivieren\u201c<br \/>Prof.in Dr.in Nicole B\u00f6hmer, Prof.in Dr.in Heike Schinnenburg (Hochschule Osnabr\u00fcck)<br \/><a class=\"download\" href=\"https:\/\/www.hs-osnabrueck.de\/fileadmin\/HSOS\/Homepages\/LearningCenter\/LLK_2025\/Abstracts\/A.4_Boehmer_Schinnenburg_Abstract.pdf\">Abstract<\/a><\/li>\r\n<\/ul>\r\n<\/div>\r\n<div>\r\n<ul>\r\n<li>A.5 \u201eInverted Classroom 2.0 \u2013 KI-Assistenten als digitale Lernbegleiter\u201c<br \/>Prof.in Dr.in Barbara Schnieders (CBS University of Applied Sciences)<br \/><a class=\"download\" href=\"https:\/\/www.hs-osnabrueck.de\/fileadmin\/HSOS\/Homepages\/LearningCenter\/LLK_2025\/Abstracts\/A.5_Schnieders_Abstract.pdf\">Abstract<\/a><br \/>\u00a0<\/li>\r\n<li>A.6 \u201eEntwicklung eines Curriculums zur F\u00f6rderung von AI Literacy bei Dozierenden\u201c<br \/>Dr.in Stefanie Schallert-Vallaster, Prof.in Dr.in Charlotte N\u00fcesch, Konstantin Papageorgiou, Lisa Herrmann, Prof. Martin Hofmann, Dr. Josef Buchner (P\u00e4dagogische Hochschule St. Gallen)<br \/><a class=\"download\" href=\"https:\/\/www.hs-osnabrueck.de\/fileadmin\/HSOS\/Homepages\/LearningCenter\/LLK_2025\/Abstracts\/A.6_Schallert-Vallaster_et_al.pdf\">Abstract<\/a><\/li>\r\n<\/ul>\r\n<\/div>\r\n<\/td>\r\n<\/tr>\r\n<tr>\r\n<td>17:30 Uhr<\/td>\r\n<td><strong>Pause zum Raumwechsel<\/strong><\/td>\r\n<\/tr>\r\n<tr>\r\n<td>17:45 Uhr<\/td>\r\n<td><strong>Tagesabschluss<\/strong><br \/>Frank Mayer\/HenningCzech (Hochschule Osnabr\u00fcck, LearningCenter)<br \/>Prof. Dr. Ingmar Ickerott (Hochschule Osnabr\u00fcck, Vizepr\u00e4sident f\u00fcr Digitalisierung)<\/td>\r\n<\/tr>\r\n<tr>\r\n<td>18:00 Uhr<\/td>\r\n<td><strong>Ende<\/strong><\/td>\r\n<\/tr>\r\n<tr>\r\n<td><strong>direkt im Anschluss<\/strong><\/td>\r\n<td><strong>Gemeinsames Abendessen, Caprivi-Lounge\u00a0<\/strong><\/td>\r\n<\/tr>\r\n<\/tbody>\r\n<\/table>\r\n<\/figure>\r\n<p><br \/>Datum: 05.12.2025<\/p>\r\n<figure>\r\n<table class=\"table table-condensed\">\r\n<tbody>\r\n<tr>\r\n<td>08:30 Uhr<\/td>\r\n<td><strong>Ankommen<\/strong><\/td>\r\n<\/tr>\r\n<tr>\r\n<td>09:00 Uhr<\/td>\r\n<td><strong>Begr\u00fc\u00dfung<\/strong><br \/>Frank Mayer\/HenningCzech (Hochschule Osnabr\u00fcck, LearningCenter)<\/td>\r\n<\/tr>\r\n<tr>\r\n<td>09:15 Uhr<\/td>\r\n<td><strong>Keynote mit Diskussion<\/strong><br \/>&#8222;Von der Vorlesung zum interaktiven\u00a0 Lernen: Wie der Inverted Classroom die Rolle des Lehrenden ver\u00e4ndert&#8220;<br \/>Iris Neiske (Universit\u00e4t Paderborn, Netzwerk Inverted Classroom &amp; beyond)<\/td>\r\n<\/tr>\r\n<tr>\r\n<td>10:00 Uhr<\/td>\r\n<td><strong>Pause zum Raumwechsel<\/strong><\/td>\r\n<\/tr>\r\n<tr>\r\n<td>10:15 Uhr<\/td>\r\n<td>\r\n<p><strong>Workshopsession B<\/strong><\/p>\r\n<div>\r\n<div>\r\n<ul>\r\n<li>B.1 \u201eWie kann Technologie Lernr\u00e4ume f\u00fcr eine Welt im Wandel skalierbar machen?\u201c<br \/>Niels Rot (ETH Z\u00fcrich, Berner Fachhochschule, Reflect AG, Z\u00fcrich), Prof. Dr. Karsten Morisse (Hochschule Osnabr\u00fcck)\u00a0\u00a0\u00a0<br \/><a class=\"download\" href=\"https:\/\/www.hs-osnabrueck.de\/fileadmin\/HSOS\/Homepages\/LearningCenter\/LLK_2025\/Abstracts\/B.1_Rot_Morisse_Abstract.pdf\">Abstract<\/a><\/li>\r\n<\/ul>\r\n<\/div>\r\n<div>\r\n<ul>\r\n<li>B.2 \u201eVielfalt gestalten \u2013 Diversity-Management als Chance f\u00fcr Lehre und Profilbildung\u201c<br \/>Prof.in Dr.in Petia Genkova (Hochschule Osnabr\u00fcck)<br \/><a class=\"download\" href=\"https:\/\/www.hs-osnabrueck.de\/fileadmin\/HSOS\/Homepages\/LearningCenter\/LLK_2025\/Abstracts\/B.2_Genkova_Abstract.pdf\">Abstract<\/a><\/li>\r\n<\/ul>\r\n<\/div>\r\n<div>\r\n<ul>\r\n<li>B.3 \u201eInteraktive Formate im Vergleich \u2013 vom Inverted Classroom zum Reallabor\u201c<br \/>Prof.in Dr.in Gesa Birnkraut (Hochschule Osnabr\u00fcck)<br \/><a class=\"download\" href=\"https:\/\/www.hs-osnabrueck.de\/fileadmin\/HSOS\/Homepages\/LearningCenter\/LLK_2025\/Abstracts\/B.3_Birnkraut_Abstract.pdf\">Abstract<\/a><\/li>\r\n<\/ul>\r\n<\/div>\r\n<div>\r\n<ul>\r\n<li>B.4 \u201e<i>HyFlexMath<\/i> \u2013 ein Inverted Classroom und MOOC im HyFlex-Format\u201d<br \/>Marvin K\u00f6dding, Dominik Meergans &amp; Prof. Dr. Christian Spannagel (P\u00e4dagogische Hochschule Heidelberg)<br \/><a class=\"download\" href=\"https:\/\/www.hs-osnabrueck.de\/fileadmin\/HSOS\/Homepages\/LearningCenter\/LLK_2025\/Abstracts\/B.4_Koedding_Meergans_Spannagel_Abstract.pdf\">Abstract<\/a><\/li>\r\n<\/ul>\r\n<\/div>\r\n<div>\r\n<ul>\r\n<li>B.5 \u201eHochschul\u00fcbergreifend, KI-gest\u00fctzt, zukunftsorientiert: wissenschaftliches Arbeiten mit Avataren\u201c<br \/>Elham M\u00fcller, Noah Huber (Fachhochschule Graub\u00fcnden)\u00a0<br \/><a class=\"download\" href=\"https:\/\/www.hs-osnabrueck.de\/fileadmin\/HSOS\/Homepages\/LearningCenter\/LLK_2025\/Abstracts\/B.5_Mueller_Huber_Abstract.pdf\">Abstract<\/a><\/li>\r\n<\/ul>\r\n<\/div>\r\n<\/div>\r\n<div>\r\n<div>\r\n<ul>\r\n<li>B.6 \u201eHands-on Simulation: Modelle komplexer Entscheidungen in Studium und Lehre\u201c<br \/>Andreas Schmidt, Jonas Schug (Hochschule Bochum)\u00a0<br \/><a class=\"download\" href=\"https:\/\/www.hs-osnabrueck.de\/fileadmin\/HSOS\/Homepages\/LearningCenter\/LLK_2025\/Abstracts\/B.6_Schmidt_Schug_Abstract.pdf\">Abstract<\/a><\/li>\r\n<\/ul>\r\n<\/div>\r\n<\/div>\r\n<\/td>\r\n<\/tr>\r\n<tr>\r\n<td>11:45 Uhr<\/td>\r\n<td><strong>M\u00f6glichkeit des Mensabesuchs<\/strong><\/td>\r\n<\/tr>\r\n<tr>\r\n<td>12:45 Uhr<\/td>\r\n<td>\r\n<p><strong>Workshopsession C<\/strong><\/p>\r\n<div>\r\n<ul>\r\n<li>C.1 \u201eLernen mit Materie \u2013 Vergleich der Methoden in Pflege und Informatik\u201c<br \/>Dr.in Hanna W\u00fcller (Hochschule Osnabr\u00fcck), Prof. Dr. Claude Draude (Universit\u00e4t Kassel), Rena Diepen (Hochschule Osnabr\u00fcck), Lisa Marie Bl\u00e4sing (Universit\u00e4t Kassel)<br \/><a class=\"download\" href=\"https:\/\/www.hs-osnabrueck.de\/fileadmin\/HSOS\/Homepages\/LearningCenter\/LLK_2025\/Abstracts\/C.1_Wueller_et_al_Abstract.pdf\">Abstract<\/a><\/li>\r\n<\/ul>\r\n<\/div>\r\n<div>\r\n<ul>\r\n<li>C.2. \u201eAvatare in der Lehre \u2013 zeige dich ohne das Ich\u201c<br \/>Prof. Dr. Jochen Kruppa-Scheetz (Hochschule Osnabr\u00fcck)<br \/><a class=\"download\" href=\"https:\/\/www.hs-osnabrueck.de\/fileadmin\/HSOS\/Homepages\/LearningCenter\/LLK_2025\/Abstracts\/C.2_Kruppa-Scheetz_Abstract.pdf\">Abstract<\/a><\/li>\r\n<\/ul>\r\n<\/div>\r\n<div>\r\n<ul>\r\n<li>C.3 \u201eSmalltalk als effektives Werkzeug im Beziehungsmanagement\u201c<br \/>Dr.in Josefine M\u00e9ndez Parente\u00a0(RWTH Aachen)<br \/><a class=\"download\" href=\"https:\/\/www.hs-osnabrueck.de\/fileadmin\/HSOS\/Homepages\/LearningCenter\/LLK_2025\/Abstracts\/C.3_Mendez_Abstract.pdf\">Abstract<\/a><\/li>\r\n<\/ul>\r\n<\/div>\r\n<div>\r\n<ul>\r\n<li>C.4 \u201eN\u00e4he auf Distanz: wenn virtuelles Lernen mehr Pr\u00e4senz erzeugt als der H\u00f6rsaal\u201c<br \/>Prof. Dr. Henrik Dindas (FOM Hochschule Essen), Prof. Dr. Frank P. Schulte (FOM Hochschule M\u00fcnster)\u00a0<br \/><a class=\"download\" href=\"https:\/\/www.hs-osnabrueck.de\/fileadmin\/HSOS\/Homepages\/LearningCenter\/LLK_2025\/Abstracts\/C.4_Dindas_Schulte_Abstract.pdf\">Abstract<\/a><\/li>\r\n<\/ul>\r\n<\/div>\r\n<\/td>\r\n<\/tr>\r\n<tr>\r\n<td>14:15 Uhr<\/td>\r\n<td><strong>Pause zum Raumwechsel<\/strong><\/td>\r\n<\/tr>\r\n<tr>\r\n<td>14:30 Uhr<\/td>\r\n<td><strong>Abschluss<\/strong><br \/>Frank Mayer\/HenningCzech (Hochschule Osnabr\u00fcck, LearningCenter)<br \/>Prof.in Dr.in Kathrin Loer (Hochschule Osnabr\u00fcck, Vizepr\u00e4sidentin f\u00fcr Studium und Lehre)<br \/>Prof. Dr. Ingmar Ickerott (Hochschule Osnabr\u00fcck, Vizepr\u00e4sident f\u00fcr Digitalisierung)<\/td>\r\n<\/tr>\r\n<tr>\r\n<td>14:45 Uhr<\/td>\r\n<td>Ende<\/td>\r\n<\/tr>\r\n<\/tbody>\r\n<\/table>\r\n<\/figure>","protected":false},"excerpt":{"rendered":"<p>Inverted Classroom and beyond 04. &amp; 05. Dezember 2025, Hochschule Osnabr\u00fcck, Anmeldung und Informationen: https:\/\/www.hs-osnabrueck.de\/learningcenter\/fuer-lehrende\/lehr-lernkonferenzen\/#c16337250 Unter dem Motto: Pers\u00f6nlichkeit trifft Didaktik: Lernr\u00e4ume f\u00fcr eine Welt im Wandel Die vierzehnte Tagung &#8230;<\/p>\n","protected":false},"author":5,"featured_media":0,"parent":0,"menu_order":0,"comment_status":"closed","ping_status":"closed","template":"","meta":{"footnotes":""},"class_list":["post-2389","page","type-page","status-publish","hentry"],"_links":{"self":[{"href":"https:\/\/www.icmbeyond.net\/index.php?rest_route=\/wp\/v2\/pages\/2389","targetHints":{"allow":["GET"]}}],"collection":[{"href":"https:\/\/www.icmbeyond.net\/index.php?rest_route=\/wp\/v2\/pages"}],"about":[{"href":"https:\/\/www.icmbeyond.net\/index.php?rest_route=\/wp\/v2\/types\/page"}],"author":[{"embeddable":true,"href":"https:\/\/www.icmbeyond.net\/index.php?rest_route=\/wp\/v2\/users\/5"}],"replies":[{"embeddable":true,"href":"https:\/\/www.icmbeyond.net\/index.php?rest_route=%2Fwp%2Fv2%2Fcomments&post=2389"}],"version-history":[{"count":12,"href":"https:\/\/www.icmbeyond.net\/index.php?rest_route=\/wp\/v2\/pages\/2389\/revisions"}],"predecessor-version":[{"id":2410,"href":"https:\/\/www.icmbeyond.net\/index.php?rest_route=\/wp\/v2\/pages\/2389\/revisions\/2410"}],"wp:attachment":[{"href":"https:\/\/www.icmbeyond.net\/index.php?rest_route=%2Fwp%2Fv2%2Fmedia&parent=2389"}],"curies":[{"name":"wp","href":"https:\/\/api.w.org\/{rel}","templated":true}]}}