{"id":157,"date":"2019-02-25T08:33:59","date_gmt":"2019-02-25T07:33:59","guid":{"rendered":"http:\/\/www.icmbeyond.net\/?page_id=157"},"modified":"2024-06-17T15:03:57","modified_gmt":"2024-06-17T13:03:57","slug":"rueckblicke-auf-vergangene-konferenzen","status":"publish","type":"page","link":"https:\/\/www.icmbeyond.net\/?page_id=157","title":{"rendered":"R\u00fcckblicke auf vergangene Konferenzen"},"content":{"rendered":"\r\n<figure class=\"wp-block-image size-large is-resized\"><img loading=\"lazy\" decoding=\"async\" class=\"wp-image-1574\" src=\"https:\/\/www.icmbeyond.net\/wp-content\/uploads\/2021\/08\/Header_Geschichte_Rueckblick-1024x276.png\" alt=\"\" width=\"1024\" height=\"276\" srcset=\"https:\/\/www.icmbeyond.net\/wp-content\/uploads\/2021\/08\/Header_Geschichte_Rueckblick-1024x276.png 1024w, https:\/\/www.icmbeyond.net\/wp-content\/uploads\/2021\/08\/Header_Geschichte_Rueckblick-300x81.png 300w, https:\/\/www.icmbeyond.net\/wp-content\/uploads\/2021\/08\/Header_Geschichte_Rueckblick-768x207.png 768w, https:\/\/www.icmbeyond.net\/wp-content\/uploads\/2021\/08\/Header_Geschichte_Rueckblick-1536x414.png 1536w, https:\/\/www.icmbeyond.net\/wp-content\/uploads\/2021\/08\/Header_Geschichte_Rueckblick-2048x551.png 2048w\" sizes=\"auto, (max-width: 1024px) 100vw, 1024px\" \/><\/figure>\r\n\r\n\r\n\r\n<div class=\"wp-block-spacer\" style=\"height: 15px;\" aria-hidden=\"true\">\u00a0<\/div>\r\n\r\n\r\n\r\n<p>R\u00fcckblicke auf vergangene Konferenzen:<\/p>\r\n\r\n\r\n\r\n<p>icmbeyond24 &#8211; FH St. P\u00f6lten<\/p>\r\n<p>icmbeyond23\u00a0 &#8211; FH Graub\u00fcnden<\/p>\r\n<p>icmbeyond22 &#8211; Paderborn (online)<\/p>\r\n<p><a href=\"https:\/\/www.icmbeyond.net\/?page_id=548\">10. icmbeyond21 &#8211; FH St. P\u00f6lten (online)<\/a><\/p>\r\n\r\n\r\n\r\n<p><a href=\"https:\/\/www.icmbeyond.net\/?page_id=524\">icmbeyond20 &#8211; PH Nieder\u00f6sterreich, Baden<\/a><\/p>\r\n\r\n\r\n\r\n<p><a href=\"https:\/\/invertedclassroom.wordpress.com\/icm-2019-2\/\">icmbeyond19<\/a> &#8211; Philipps Universit\u00e4t Marburg<\/p>\r\n\r\n\r\n\r\n<p><a href=\"http:\/\/skill.fhstp.ac.at\/kurs-basisinfos-icm\/icmbeyond18\/\" target=\"_blank\" rel=\"noopener noreferrer\">icmbeyond18<\/a> \u00b7 FH St. P\u00f6lten<\/p>\r\n\r\n\r\n\r\n<p><a href=\"https:\/\/invertedclassroom.wordpress.com\/icm-2017\/\">icmbeyond17<\/a> &#8211; Philipps Universit\u00e4t Marburg<\/p>\r\n\r\n\r\n\r\n<p><a href=\"http:\/\/skill.fhstp.ac.at\/konferenz-icmbeyond16\/\" target=\"_blank\" rel=\"noopener noreferrer\">icmbeyond16<\/a> \u00b7 FH St. P\u00f6lten<\/p>\r\n\r\n\r\n\r\n<p><a href=\"https:\/\/invertedclassroom.wordpress.com\/icm-2015\/\" target=\"_blank\" rel=\"noopener noreferrer\">icmbeyond15<\/a> \u00b7 Philipps Universit\u00e4t Marburg<\/p>\r\n\r\n\r\n\r\n<p><a href=\"https:\/\/invertedclassroom.wordpress.com\/konferenz2014\/\" target=\"_blank\" rel=\"noopener noreferrer\">icmbeyond14<\/a> \u00b7 Philipps Universit\u00e4t Marburg<\/p>\r\n\r\n\r\n\r\n<p><a href=\"https:\/\/invertedclassroom.wordpress.com\/konferenz2013\/\" target=\"_blank\" rel=\"noopener noreferrer\">icmbeyond13<\/a> \u00b7 Philipps Universit\u00e4t Marburg \u00b7 <a href=\"https:\/\/invertedclassroom.wordpress.com\/2013\/03\/04\/vortragsfolien-einsatzmoglichkeiten-des-icm-in-der-studieneingangsphase\/\" target=\"_blank\" rel=\"noopener noreferrer\">Vortragsfolien<\/a> \u00b7 <a href=\"https:\/\/blog.llz.uni-halle.de\/2013\/03\/llzicm-2013\/\" target=\"_blank\" rel=\"noopener noreferrer\">Blogbeitrag<\/a><\/p>\r\n\r\n\r\n\r\n<p><a href=\"https:\/\/invertedclassroom.wordpress.com\/konferenz2012\/\" target=\"_blank\" rel=\"noopener noreferrer\">icmbeyond12<\/a> \u00b7 Philipps Universit\u00e4t Marburg \u00b7 <a href=\"https:\/\/invertedclassroom.wordpress.com\/2012\/02\/24\/bericht-uber-die-konferenz-zum-icm-am-mittwoch\/#more-471\" target=\"_blank\" rel=\"noopener noreferrer\">Bericht<\/a> \u00b7 <a href=\"https:\/\/linguistics.online.uni-marburg.de\/free\/generalmodules\/various\/the_icm_prerequisites\/genunstart.html\" target=\"_blank\" rel=\"noopener noreferrer\">Grundlegende Informationen<\/a><\/p>\r\n\r\n\r\n\r\n<div class=\"wp-block-spacer\" style=\"height: 60px;\" aria-hidden=\"true\">\u00a0<\/div>\r\n\r\n\r\n\r\n<h3 class=\"wp-block-heading\">Archive:<\/h3>\r\n\r\n\r\n\r\n<div class=\"wp-block-buttons is-layout-flex wp-block-buttons-is-layout-flex\">\r\n<div class=\"wp-block-button\"><a class=\"wp-block-button__link\" href=\"https:\/\/www.icmbeyond.net\/?page_id=1181\">ICMbeyond 2020<\/a><\/div>\r\n\r\n\r\n\r\n<div class=\"wp-block-button\"><a class=\"wp-block-button__link\" href=\"https:\/\/www.icmbeyond.net\/?page_id=1183\">ICMbeyond 2021<\/a><\/div>\r\n\r\n\r\n\r\n<div class=\"wp-block-button\"><a class=\"wp-block-button__link\" href=\"https:\/\/www.icmbeyond.net\/?page_id=112\">Alle Beitr\u00e4ge<\/a><\/div>\r\n<\/div>\r\n\r\n\r\n\r\n<p>&nbsp;<\/p>\r\n","protected":false},"excerpt":{"rendered":"<p>R\u00fcckblicke auf vergangene Konferenzen: icmbeyond24 &#8211; FH St. P\u00f6lten icmbeyond23\u00a0 &#8211; FH Graub\u00fcnden icmbeyond22 &#8211; Paderborn (online) 10. icmbeyond21 &#8211; FH St. P\u00f6lten (online) icmbeyond20 &#8211; PH Nieder\u00f6sterreich, Baden icmbeyond19 &#8230;<\/p>\n","protected":false},"author":11,"featured_media":0,"parent":1149,"menu_order":10,"comment_status":"closed","ping_status":"closed","template":"","meta":{"footnotes":""},"class_list":["post-157","page","type-page","status-publish","hentry"],"_links":{"self":[{"href":"https:\/\/www.icmbeyond.net\/index.php?rest_route=\/wp\/v2\/pages\/157","targetHints":{"allow":["GET"]}}],"collection":[{"href":"https:\/\/www.icmbeyond.net\/index.php?rest_route=\/wp\/v2\/pages"}],"about":[{"href":"https:\/\/www.icmbeyond.net\/index.php?rest_route=\/wp\/v2\/types\/page"}],"author":[{"embeddable":true,"href":"https:\/\/www.icmbeyond.net\/index.php?rest_route=\/wp\/v2\/users\/11"}],"replies":[{"embeddable":true,"href":"https:\/\/www.icmbeyond.net\/index.php?rest_route=%2Fwp%2Fv2%2Fcomments&post=157"}],"version-history":[{"count":17,"href":"https:\/\/www.icmbeyond.net\/index.php?rest_route=\/wp\/v2\/pages\/157\/revisions"}],"predecessor-version":[{"id":2371,"href":"https:\/\/www.icmbeyond.net\/index.php?rest_route=\/wp\/v2\/pages\/157\/revisions\/2371"}],"up":[{"embeddable":true,"href":"https:\/\/www.icmbeyond.net\/index.php?rest_route=\/wp\/v2\/pages\/1149"}],"wp:attachment":[{"href":"https:\/\/www.icmbeyond.net\/index.php?rest_route=%2Fwp%2Fv2%2Fmedia&parent=157"}],"curies":[{"name":"wp","href":"https:\/\/api.w.org\/{rel}","templated":true}]}}